{"id":1553,"date":"2022-04-03T04:23:00","date_gmt":"2022-04-03T04:23:00","guid":{"rendered":"https:\/\/localhost\/kbizwp\/?page_id=1553"},"modified":"2023-07-28T19:43:29","modified_gmt":"2023-07-28T16:43:29","slug":"services","status":"publish","type":"page","link":"https:\/\/avukatmervedursun.com\/index.php\/services\/","title":{"rendered":"Faaliyet Alanlar\u0131m\u0131z"},"content":{"rendered":"\t\t<div data-elementor-type=\"wp-page\" data-elementor-id=\"1553\" class=\"elementor elementor-1553\">\n\t\t\t\t\t\t\t\t\t<section class=\"elementor-section elementor-top-section elementor-element elementor-element-973bd6e elementor-section-stretched elementor-section-full_width elementor-section-height-default elementor-section-height-default\" data-id=\"973bd6e\" data-element_type=\"section\" data-settings=\"{&quot;stretch_section&quot;:&quot;section-stretched&quot;,&quot;background_background&quot;:&quot;classic&quot;}\">\n\t\t\t\t\t\t<div class=\"elementor-container elementor-column-gap-default\">\n\t\t\t\t\t<div class=\"elementor-column elementor-col-100 elementor-top-column elementor-element elementor-element-007742a\" data-id=\"007742a\" data-element_type=\"column\">\n\t\t\t<div class=\"elementor-widget-wrap\">\n\t\t\t\t\t\t\t\t\t<\/div>\n\t\t<\/div>\n\t\t\t\t\t\t\t<\/div>\n\t\t<\/section>\n\t\t\t\t<section class=\"elementor-section elementor-top-section elementor-element elementor-element-bd17bc1 elementor-section-stretched elementor-section-full_width elementor-section-height-default elementor-section-height-default\" data-id=\"bd17bc1\" data-element_type=\"section\" data-settings=\"{&quot;stretch_section&quot;:&quot;section-stretched&quot;}\">\n\t\t\t\t\t\t<div class=\"elementor-container elementor-column-gap-default\">\n\t\t\t\t\t<div class=\"elementor-column elementor-col-100 elementor-top-column elementor-element elementor-element-fe6d951\" data-id=\"fe6d951\" data-element_type=\"column\">\n\t\t\t<div class=\"elementor-widget-wrap elementor-element-populated\">\n\t\t\t\t\t\t\t\t<section class=\"elementor-section elementor-inner-section elementor-element elementor-element-32be198 elementor-section-boxed elementor-section-height-default elementor-section-height-default\" data-id=\"32be198\" data-element_type=\"section\">\n\t\t\t\t\t\t<div class=\"elementor-container elementor-column-gap-default\">\n\t\t\t\t\t<div class=\"elementor-column elementor-col-33 elementor-inner-column elementor-element elementor-element-3ec9d5e\" data-id=\"3ec9d5e\" data-element_type=\"column\">\n\t\t\t<div class=\"elementor-widget-wrap\">\n\t\t\t\t\t\t\t\t\t<\/div>\n\t\t<\/div>\n\t\t\t\t<div class=\"elementor-column elementor-col-33 elementor-inner-column elementor-element elementor-element-c665231\" data-id=\"c665231\" data-element_type=\"column\">\n\t\t\t<div class=\"elementor-widget-wrap elementor-element-populated\">\n\t\t\t\t\t\t\t\t<div class=\"elementor-element elementor-element-00e6564 elementor-widget elementor-widget-back-core-heading\" data-id=\"00e6564\" data-element_type=\"widget\" data-widget_type=\"back-core-heading.default\">\n\t\t\t\t<div class=\"elementor-widget-container\">\n\t\t\t        <div class=\"back-heading default center \">\r\n            <div class=\"title-inner\">        \t\t      \t\t\r\n\t            <h2 class=\"title\"><span class=\"watermark\"><\/span>Faaliyet Alanlar\u0131m\u0131z<\/h2>\t        <\/div>\r\n\t                <\/div>\r\n\r\n        \t\t<\/div>\n\t\t\t\t<\/div>\n\t\t\t\t\t<\/div>\n\t\t<\/div>\n\t\t\t\t<div class=\"elementor-column elementor-col-33 elementor-inner-column elementor-element elementor-element-b1eaf43\" data-id=\"b1eaf43\" data-element_type=\"column\">\n\t\t\t<div class=\"elementor-widget-wrap\">\n\t\t\t\t\t\t\t\t\t<\/div>\n\t\t<\/div>\n\t\t\t\t\t\t\t<\/div>\n\t\t<\/section>\n\t\t\t\t<section class=\"elementor-section elementor-inner-section elementor-element elementor-element-48c7c50 elementor-section-boxed elementor-section-height-default elementor-section-height-default\" data-id=\"48c7c50\" data-element_type=\"section\">\n\t\t\t\t\t\t<div class=\"elementor-container elementor-column-gap-default\">\n\t\t\t\t\t<div class=\"elementor-column elementor-col-25 elementor-inner-column elementor-element elementor-element-ad54fe9\" data-id=\"ad54fe9\" data-element_type=\"column\">\n\t\t\t<div class=\"elementor-widget-wrap elementor-element-populated\">\n\t\t\t\t\t\t\t\t<div class=\"elementor-element elementor-element-db8695a elementor-widget elementor-widget-back-service-grid-boxes\" data-id=\"db8695a\" data-element_type=\"widget\" data-widget_type=\"back-service-grid-boxes.default\">\n\t\t\t\t<div class=\"elementor-widget-container\">\n\t\t\t\t\t\r\n\t\t<div class=\"back-addon-services services-style1 shape_disable\">\r\n\t\t    <div class=\"services-part\">\r\n\r\n\t\t    \t\t\t    \t\t\t\r\n\t    \t\t\t<div class=\"services-icon image\">\r\n\t\t\t    \t\t\t\t\t    \t\t\r\n\t\t\t    \t\t\t\t\t    \t\t\t<img decoding=\"async\" class=\"main-img\" src=\"https:\/\/backtheme.tech\/products\/wordpress\/kbizwp\/wp-content\/uploads\/2022\/06\/1.svg\" alt=\"image\"\/>\t\r\n\t\t\t    \t\t\t\t    \t\t<\/div>\r\n\t\t    \t\t\t    \t\t       \r\n\t\t\t    <div class=\"services-text\">\r\n\r\n\t    \t    \t\t    \t\t    \t<div class=\"services-title\">\r\n\t    \t\t    \t\t    \t\t    \t\t\t<h3 class=\"title\"> Ceza Hukuku<\/h3>\r\n\t    \t\t    \t\t\t\t\t\t    \t\t\r\n\t    \t\t    \t<\/div>\r\n\t    \t    \t\t\t\t\t    \r\n\t\t\t    \t\t\t\t    \t\t<p class=\"services-txt\">  Su\u00e7 ve Ceza kavramlar\u0131n\u0131 inceleyen kamu hukuku b\u00f6l\u00fcm\u00fcd\u00fcr.<\/p>\t\r\n\t\t\t    \t\t\t\t    \t\r\n    \t    \t\t\t    \t    \t\t\t\t    \t\t    \t<div class=\"services-btn-part\">\r\n\t\t    \t\t    \t\t\t    \t\t    \t\t\t<a class=\"services-btn services-btn-text\" href=\"#\">\r\n\t    \t\t    \t\t\t\t<span class=\"btn_text\">\r\n\t    \t\t    \t\t\t\t\tDaha Fazla <i class=\"ri-arrow-right-line\"><\/i>   \t\t\t\t\t\t\r\n\t    \t\t    \t\t\t\t<\/span>    \t\t    \t\t\t\t\r\n\t    \t\t    \t\t\t<\/a>\r\n\t\t    \t\t    \t<\/div>\r\n\t\t    \t    \t\t\t    \t    \t\t\t    <\/div>\r\n\t\t\t<\/div>\r\n\t\t<\/div>\t\r\n\t\t\r\n\t\t\t<\/div>\n\t\t\t\t<\/div>\n\t\t\t\t\t<\/div>\n\t\t<\/div>\n\t\t\t\t<div class=\"elementor-column elementor-col-25 elementor-inner-column elementor-element elementor-element-9e7867b\" data-id=\"9e7867b\" data-element_type=\"column\">\n\t\t\t<div class=\"elementor-widget-wrap elementor-element-populated\">\n\t\t\t\t\t\t\t\t<div class=\"elementor-element elementor-element-abaa2a5 elementor-widget elementor-widget-back-service-grid-boxes\" data-id=\"abaa2a5\" data-element_type=\"widget\" data-widget_type=\"back-service-grid-boxes.default\">\n\t\t\t\t<div class=\"elementor-widget-container\">\n\t\t\t\t\t\r\n\t\t<div class=\"back-addon-services services-style1 shape_disable\">\r\n\t\t    <div class=\"services-part\">\r\n\r\n\t\t    \t\t\t    \t\t\t\r\n\t    \t\t\t<div class=\"services-icon image\">\r\n\t\t\t    \t\t\t\t\t    \t\t\r\n\t\t\t    \t\t\t\t\t    \t\t\t<img decoding=\"async\" class=\"main-img\" src=\"https:\/\/backtheme.tech\/products\/wordpress\/kbizwp\/wp-content\/uploads\/2022\/06\/2.svg\" alt=\"image\"\/>\t\r\n\t\t\t    \t\t\t\t    \t\t<\/div>\r\n\t\t    \t\t\t    \t\t       \r\n\t\t\t    <div class=\"services-text\">\r\n\r\n\t    \t    \t\t    \t\t    \t<div class=\"services-title\">\r\n\t    \t\t    \t\t    \t\t    \t\t\t<h3 class=\"title\"> Tazminat Hukuku<\/h3>\r\n\t    \t\t    \t\t\t\t\t\t    \t\t\r\n\t    \t\t    \t<\/div>\r\n\t    \t    \t\t\t\t\t    \r\n\t\t\t    \t\t\t\t    \t\t<p class=\"services-txt\">  \u0130nsan haklar\u0131nda meydana gelen zararlar\u0131 gidermek amac\u0131yla adaleti temin eden hukukun bir par\u00e7as\u0131d\u0131r.<\/p>\t\r\n\t\t\t    \t\t\t\t    \t\r\n    \t    \t\t\t    \t    \t\t\t\t    \t\t    \t<div class=\"services-btn-part\">\r\n\t\t    \t\t    \t\t\t    \t\t    \t\t\t<a class=\"services-btn services-btn-text\" href=\"#\">\r\n\t    \t\t    \t\t\t\t<span class=\"btn_text\">\r\n\t    \t\t    \t\t\t\t\tDaha Fazla <i class=\"ri-arrow-right-line\"><\/i>   \t\t\t\t\t\t\r\n\t    \t\t    \t\t\t\t<\/span>    \t\t    \t\t\t\t\r\n\t    \t\t    \t\t\t<\/a>\r\n\t\t    \t\t    \t<\/div>\r\n\t\t    \t    \t\t\t    \t    \t\t\t    <\/div>\r\n\t\t\t<\/div>\r\n\t\t<\/div>\t\r\n\t\t\r\n\t\t\t<\/div>\n\t\t\t\t<\/div>\n\t\t\t\t\t<\/div>\n\t\t<\/div>\n\t\t\t\t<div class=\"elementor-column elementor-col-25 elementor-inner-column elementor-element elementor-element-ec52131\" data-id=\"ec52131\" data-element_type=\"column\">\n\t\t\t<div class=\"elementor-widget-wrap elementor-element-populated\">\n\t\t\t\t\t\t\t\t<div class=\"elementor-element elementor-element-e9ee20b elementor-widget elementor-widget-back-service-grid-boxes\" data-id=\"e9ee20b\" data-element_type=\"widget\" data-widget_type=\"back-service-grid-boxes.default\">\n\t\t\t\t<div class=\"elementor-widget-container\">\n\t\t\t\t\t\r\n\t\t<div class=\"back-addon-services services-style1 shape_disable\">\r\n\t\t    <div class=\"services-part\">\r\n\r\n\t\t    \t\t\t    \t\t\t\r\n\t    \t\t\t<div class=\"services-icon image\">\r\n\t\t\t    \t\t\t\t\t    \t\t\r\n\t\t\t    \t\t\t\t\t    \t\t\t<img decoding=\"async\" class=\"main-img\" src=\"https:\/\/backtheme.tech\/products\/wordpress\/kbizwp\/wp-content\/uploads\/2022\/06\/3.svg\" alt=\"image\"\/>\t\r\n\t\t\t    \t\t\t\t    \t\t<\/div>\r\n\t\t    \t\t\t    \t\t       \r\n\t\t\t    <div class=\"services-text\">\r\n\r\n\t    \t    \t\t    \t\t    \t<div class=\"services-title\">\r\n\t    \t\t    \t\t    \t\t    \t\t\t<h3 class=\"title\"> Vergi ve \u0130dare Hukuku<\/h3>\r\n\t    \t\t    \t\t\t\t\t\t    \t\t\r\n\t    \t\t    \t<\/div>\r\n\t    \t    \t\t\t\t\t    \r\n\t\t\t    \t\t\t\t    \t\t<p class=\"services-txt\">  Vergi hukuku, devletin mali faaliyetlerini hukuki a\u00e7\u0131dan inceleyen bir kamu hukuku dal\u0131d\u0131r.<\/p>\t\r\n\t\t\t    \t\t\t\t    \t\r\n    \t    \t\t\t    \t    \t\t\t\t    \t\t    \t<div class=\"services-btn-part\">\r\n\t\t    \t\t    \t\t\t    \t\t    \t\t\t<a class=\"services-btn services-btn-text\" href=\"#\">\r\n\t    \t\t    \t\t\t\t<span class=\"btn_text\">\r\n\t    \t\t    \t\t\t\t\tDaha Fazla <i class=\"ri-arrow-right-line\"><\/i>   \t\t\t\t\t\t\r\n\t    \t\t    \t\t\t\t<\/span>    \t\t    \t\t\t\t\r\n\t    \t\t    \t\t\t<\/a>\r\n\t\t    \t\t    \t<\/div>\r\n\t\t    \t    \t\t\t    \t    \t\t\t    <\/div>\r\n\t\t\t<\/div>\r\n\t\t<\/div>\t\r\n\t\t\r\n\t\t\t<\/div>\n\t\t\t\t<\/div>\n\t\t\t\t\t<\/div>\n\t\t<\/div>\n\t\t\t\t<div class=\"elementor-column elementor-col-25 elementor-inner-column elementor-element elementor-element-6dcb135\" data-id=\"6dcb135\" data-element_type=\"column\">\n\t\t\t<div class=\"elementor-widget-wrap elementor-element-populated\">\n\t\t\t\t\t\t\t\t<div class=\"elementor-element elementor-element-296e4fa elementor-widget elementor-widget-back-service-grid-boxes\" data-id=\"296e4fa\" data-element_type=\"widget\" data-widget_type=\"back-service-grid-boxes.default\">\n\t\t\t\t<div class=\"elementor-widget-container\">\n\t\t\t\t\t\r\n\t\t<div class=\"back-addon-services services-style1 shape_disable\">\r\n\t\t    <div class=\"services-part\">\r\n\r\n\t\t    \t\t\t    \t\t\t\r\n\t    \t\t\t<div class=\"services-icon image\">\r\n\t\t\t    \t\t\t\t\t    \t\t\r\n\t\t\t    \t\t\t\t\t    \t\t\t<img decoding=\"async\" class=\"main-img\" src=\"https:\/\/backtheme.tech\/products\/wordpress\/kbizwp\/wp-content\/uploads\/2022\/06\/4.svg\" alt=\"image\"\/>\t\r\n\t\t\t    \t\t\t\t    \t\t<\/div>\r\n\t\t    \t\t\t    \t\t       \r\n\t\t\t    <div class=\"services-text\">\r\n\r\n\t    \t    \t\t    \t\t    \t<div class=\"services-title\">\r\n\t    \t\t    \t\t    \t\t    \t\t\t<h3 class=\"title\"> Gayrimenkul Hukuku<\/h3>\r\n\t    \t\t    \t\t\t\t\t\t    \t\t\r\n\t    \t\t    \t<\/div>\r\n\t    \t    \t\t\t\t\t    \r\n\t\t\t    \t\t\t\t    \t\t<p class=\"services-txt\">  Gayrimenkul hukuku, m\u00fclkiyet hakk\u0131na dair \u00f6nemli uyu\u015fmazl\u0131klar\u0131n ya\u015fand\u0131\u011f\u0131 bir \u00f6zel hukuk alan\u0131d\u0131r.<\/p>\t\r\n\t\t\t    \t\t\t\t    \t\r\n    \t    \t\t\t    \t    \t\t\t\t    \t\t    \t<div class=\"services-btn-part\">\r\n\t\t    \t\t    \t\t\t    \t\t    \t\t\t<a class=\"services-btn services-btn-text\" href=\"#\">\r\n\t    \t\t    \t\t\t\t<span class=\"btn_text\">\r\n\t    \t\t    \t\t\t\t\tDaha Fazla <i class=\"ri-arrow-right-line\"><\/i>   \t\t\t\t\t\t\r\n\t    \t\t    \t\t\t\t<\/span>    \t\t    \t\t\t\t\r\n\t    \t\t    \t\t\t<\/a>\r\n\t\t    \t\t    \t<\/div>\r\n\t\t    \t    \t\t\t    \t    \t\t\t    <\/div>\r\n\t\t\t<\/div>\r\n\t\t<\/div>\t\r\n\t\t\r\n\t\t\t<\/div>\n\t\t\t\t<\/div>\n\t\t\t\t\t<\/div>\n\t\t<\/div>\n\t\t\t\t\t\t\t<\/div>\n\t\t<\/section>\n\t\t\t\t<section class=\"elementor-section elementor-inner-section elementor-element elementor-element-6cfd684 elementor-section-boxed elementor-section-height-default elementor-section-height-default\" data-id=\"6cfd684\" data-element_type=\"section\">\n\t\t\t\t\t\t<div class=\"elementor-container elementor-column-gap-default\">\n\t\t\t\t\t<div class=\"elementor-column elementor-col-25 elementor-inner-column elementor-element elementor-element-5b50886\" data-id=\"5b50886\" data-element_type=\"column\">\n\t\t\t<div class=\"elementor-widget-wrap elementor-element-populated\">\n\t\t\t\t\t\t\t\t<div class=\"elementor-element elementor-element-13a373b elementor-widget elementor-widget-back-service-grid-boxes\" data-id=\"13a373b\" data-element_type=\"widget\" data-widget_type=\"back-service-grid-boxes.default\">\n\t\t\t\t<div class=\"elementor-widget-container\">\n\t\t\t\t\t\r\n\t\t<div class=\"back-addon-services services-style1 shape_disable\">\r\n\t\t    <div class=\"services-part\">\r\n\r\n\t\t    \t\t\t    \t\t\t\r\n\t    \t\t\t<div class=\"services-icon image\">\r\n\t\t\t    \t\t\t\t\t    \t\t\r\n\t\t\t    \t\t\t\t\t    \t\t\t<img decoding=\"async\" class=\"main-img\" src=\"https:\/\/backtheme.tech\/products\/wordpress\/kbizwp\/wp-content\/uploads\/2022\/06\/5.svg\" alt=\"image\"\/>\t\r\n\t\t\t    \t\t\t\t    \t\t<\/div>\r\n\t\t    \t\t\t    \t\t       \r\n\t\t\t    <div class=\"services-text\">\r\n\r\n\t    \t    \t\t    \t\t    \t<div class=\"services-title\">\r\n\t    \t\t    \t\t    \t\t    \t\t\t<h3 class=\"title\"> Miras Hukuku<\/h3>\r\n\t    \t\t    \t\t\t\t\t\t    \t\t\r\n\t    \t\t    \t<\/div>\r\n\t    \t    \t\t\t\t\t    \r\n\t\t\t    \t\t\t\t    \t\t<p class=\"services-txt\">  Ger\u00e7ek ki\u015filerin \u00f6l\u00fcm\u00fc veya gaipli\u011fi durumunda bu ki\u015filere ait malvarl\u0131\u011f\u0131n\u0131n da\u011f\u0131t\u0131m\u0131 ve miras\u00e7\u0131 haklar\u0131n\u0131 d\u00fczenleyen hukuk dal\u0131d\u0131r<\/p>\t\r\n\t\t\t    \t\t\t\t    \t\r\n    \t    \t\t\t    \t    \t\t\t\t    \t\t    \t<div class=\"services-btn-part\">\r\n\t\t    \t\t    \t\t\t    \t\t    \t\t\t<a class=\"services-btn services-btn-text\" href=\"#\">\r\n\t    \t\t    \t\t\t\t<span class=\"btn_text\">\r\n\t    \t\t    \t\t\t\t\tDaha Fazla <i class=\"ri-arrow-right-line\"><\/i>   \t\t\t\t\t\t\r\n\t    \t\t    \t\t\t\t<\/span>    \t\t    \t\t\t\t\r\n\t    \t\t    \t\t\t<\/a>\r\n\t\t    \t\t    \t<\/div>\r\n\t\t    \t    \t\t\t    \t    \t\t\t    <\/div>\r\n\t\t\t<\/div>\r\n\t\t<\/div>\t\r\n\t\t\r\n\t\t\t<\/div>\n\t\t\t\t<\/div>\n\t\t\t\t\t<\/div>\n\t\t<\/div>\n\t\t\t\t<div class=\"elementor-column elementor-col-25 elementor-inner-column elementor-element elementor-element-6d3e99c\" data-id=\"6d3e99c\" data-element_type=\"column\">\n\t\t\t<div class=\"elementor-widget-wrap elementor-element-populated\">\n\t\t\t\t\t\t\t\t<div class=\"elementor-element elementor-element-b733d02 elementor-widget elementor-widget-back-service-grid-boxes\" data-id=\"b733d02\" data-element_type=\"widget\" data-widget_type=\"back-service-grid-boxes.default\">\n\t\t\t\t<div class=\"elementor-widget-container\">\n\t\t\t\t\t\r\n\t\t<div class=\"back-addon-services services-style1 shape_disable\">\r\n\t\t    <div class=\"services-part\">\r\n\r\n\t\t    \t\t\t    \t\t\t\r\n\t    \t\t\t<div class=\"services-icon image\">\r\n\t\t\t    \t\t\t\t\t    \t\t\r\n\t\t\t    \t\t\t\t\t    \t\t\t<img decoding=\"async\" class=\"main-img\" src=\"https:\/\/backtheme.tech\/products\/wordpress\/kbizwp\/wp-content\/uploads\/2022\/06\/6.svg\" alt=\"image\"\/>\t\r\n\t\t\t    \t\t\t\t    \t\t<\/div>\r\n\t\t    \t\t\t    \t\t       \r\n\t\t\t    <div class=\"services-text\">\r\n\r\n\t    \t    \t\t    \t\t    \t<div class=\"services-title\">\r\n\t    \t\t    \t\t    \t\t    \t\t\t<h3 class=\"title\"> Medeni Hukuk<\/h3>\r\n\t    \t\t    \t\t\t\t\t\t    \t\t\r\n\t    \t\t    \t<\/div>\r\n\t    \t    \t\t\t\t\t    \r\n\t\t\t    \t\t\t\t    \t\t<p class=\"services-txt\">  Ki\u015filerin birbirleriyle devletin do\u011frudan veya dolayl\u0131 \u00f6zel ili\u015fkilerinin kamu hukuku gibi ba\u015fka bir hukuk dal\u0131n\u0131n konusuna girmeyen hukuk dal\u0131na verilen add\u0131r.<\/p>\t\r\n\t\t\t    \t\t\t\t    \t\r\n    \t    \t\t\t    \t    \t\t\t\t    \t\t    \t<div class=\"services-btn-part\">\r\n\t\t    \t\t    \t\t\t    \t\t    \t\t\t<a class=\"services-btn services-btn-text\" href=\"#\">\r\n\t    \t\t    \t\t\t\t<span class=\"btn_text\">\r\n\t    \t\t    \t\t\t\t\tDaha Fazla <i class=\"ri-arrow-right-line\"><\/i>   \t\t\t\t\t\t\r\n\t    \t\t    \t\t\t\t<\/span>    \t\t    \t\t\t\t\r\n\t    \t\t    \t\t\t<\/a>\r\n\t\t    \t\t    \t<\/div>\r\n\t\t    \t    \t\t\t    \t    \t\t\t    <\/div>\r\n\t\t\t<\/div>\r\n\t\t<\/div>\t\r\n\t\t\r\n\t\t\t<\/div>\n\t\t\t\t<\/div>\n\t\t\t\t\t<\/div>\n\t\t<\/div>\n\t\t\t\t<div class=\"elementor-column elementor-col-25 elementor-inner-column elementor-element elementor-element-ef24f9f\" data-id=\"ef24f9f\" data-element_type=\"column\">\n\t\t\t<div class=\"elementor-widget-wrap elementor-element-populated\">\n\t\t\t\t\t\t\t\t<div class=\"elementor-element elementor-element-0879a2b elementor-widget elementor-widget-back-service-grid-boxes\" data-id=\"0879a2b\" data-element_type=\"widget\" data-widget_type=\"back-service-grid-boxes.default\">\n\t\t\t\t<div class=\"elementor-widget-container\">\n\t\t\t\t\t\r\n\t\t<div class=\"back-addon-services services-style1 shape_disable\">\r\n\t\t    <div class=\"services-part\">\r\n\r\n\t\t    \t\t\t    \t\t\t\r\n\t    \t\t\t<div class=\"services-icon image\">\r\n\t\t\t    \t\t\t\t\t    \t\t\r\n\t\t\t    \t\t\t\t\t    \t\t\t<img decoding=\"async\" class=\"main-img\" src=\"https:\/\/backtheme.tech\/products\/wordpress\/kbizwp\/wp-content\/uploads\/2022\/06\/7.svg\" alt=\"image\"\/>\t\r\n\t\t\t    \t\t\t\t    \t\t<\/div>\r\n\t\t    \t\t\t    \t\t       \r\n\t\t\t    <div class=\"services-text\">\r\n\r\n\t    \t    \t\t    \t\t    \t<div class=\"services-title\">\r\n\t    \t\t    \t\t    \t\t    \t\t\t<h3 class=\"title\"> \u015eirketler Hukuku<\/h3>\r\n\t    \t\t    \t\t\t\t\t\t    \t\t\r\n\t    \t\t    \t<\/div>\r\n\t    \t    \t\t\t\t\t    \r\n\t\t\t    \t\t\t\t    \t\t<p class=\"services-txt\">  Ticaret hukuku b\u00fcnyesinde yer alan ve ticaret \u015firketlerinin kurulmas\u0131, b\u00f6l\u00fcnmesi, devredilmesi vb. konulara dair ayr\u0131nt\u0131lar\u0131 inceleyen hukuk dal\u0131d\u0131r. <\/p>\t\r\n\t\t\t    \t\t\t\t    \t\r\n    \t    \t\t\t    \t    \t\t\t\t    \t\t    \t<div class=\"services-btn-part\">\r\n\t\t    \t\t    \t\t\t    \t\t    \t\t\t<a class=\"services-btn services-btn-text\" href=\"#\">\r\n\t    \t\t    \t\t\t\t<span class=\"btn_text\">\r\n\t    \t\t    \t\t\t\t\tDaha Fazla <i class=\"ri-arrow-right-line\"><\/i>   \t\t\t\t\t\t\r\n\t    \t\t    \t\t\t\t<\/span>    \t\t    \t\t\t\t\r\n\t    \t\t    \t\t\t<\/a>\r\n\t\t    \t\t    \t<\/div>\r\n\t\t    \t    \t\t\t    \t    \t\t\t    <\/div>\r\n\t\t\t<\/div>\r\n\t\t<\/div>\t\r\n\t\t\r\n\t\t\t<\/div>\n\t\t\t\t<\/div>\n\t\t\t\t\t<\/div>\n\t\t<\/div>\n\t\t\t\t<div class=\"elementor-column elementor-col-25 elementor-inner-column elementor-element elementor-element-12914a0\" data-id=\"12914a0\" data-element_type=\"column\">\n\t\t\t<div class=\"elementor-widget-wrap elementor-element-populated\">\n\t\t\t\t\t\t\t\t<div class=\"elementor-element elementor-element-64cffb5 elementor-widget elementor-widget-back-service-grid-boxes\" data-id=\"64cffb5\" data-element_type=\"widget\" data-widget_type=\"back-service-grid-boxes.default\">\n\t\t\t\t<div class=\"elementor-widget-container\">\n\t\t\t\t\t\r\n\t\t<div class=\"back-addon-services services-style1 shape_disable\">\r\n\t\t    <div class=\"services-part\">\r\n\r\n\t\t    \t\t\t    \t\t\t\r\n\t    \t\t\t<div class=\"services-icon image\">\r\n\t\t\t    \t\t\t\t\t    \t\t\r\n\t\t\t    \t\t\t\t\t    \t\t\t<img decoding=\"async\" class=\"main-img\" src=\"https:\/\/backtheme.tech\/products\/wordpress\/kbizwp\/wp-content\/uploads\/2022\/06\/8.svg\" alt=\"image\"\/>\t\r\n\t\t\t    \t\t\t\t    \t\t<\/div>\r\n\t\t    \t\t\t    \t\t       \r\n\t\t\t    <div class=\"services-text\">\r\n\r\n\t    \t    \t\t    \t\t    \t<div class=\"services-title\">\r\n\t    \t\t    \t\t    \t\t    \t\t\t<h3 class=\"title\"> \u0130\u015f Hukuku<\/h3>\r\n\t    \t\t    \t\t\t\t\t\t    \t\t\r\n\t    \t\t    \t<\/div>\r\n\t    \t    \t\t\t\t\t    \r\n\t\t\t    \t\t\t\t    \t\t<p class=\"services-txt\">  \u0130\u015f\u00e7i haklar\u0131, \u00e7al\u0131\u015fma ko\u015fullar\u0131, i\u015f\u00e7i \u00fccretleri vb. konular\u0131 inceleyen hukuk dal\u0131d\u0131r.<\/p>\t\r\n\t\t\t    \t\t\t\t    \t\r\n    \t    \t\t\t    \t    \t\t\t\t    \t\t    \t<div class=\"services-btn-part\">\r\n\t\t    \t\t    \t\t\t    \t\t    \t\t\t<a class=\"services-btn services-btn-text\" href=\"#\">\r\n\t    \t\t    \t\t\t\t<span class=\"btn_text\">\r\n\t    \t\t    \t\t\t\t\tDaha Fazla <i class=\"ri-arrow-right-line\"><\/i>   \t\t\t\t\t\t\r\n\t    \t\t    \t\t\t\t<\/span>    \t\t    \t\t\t\t\r\n\t    \t\t    \t\t\t<\/a>\r\n\t\t    \t\t    \t<\/div>\r\n\t\t    \t    \t\t\t    \t    \t\t\t    <\/div>\r\n\t\t\t<\/div>\r\n\t\t<\/div>\t\r\n\t\t\r\n\t\t\t<\/div>\n\t\t\t\t<\/div>\n\t\t\t\t\t<\/div>\n\t\t<\/div>\n\t\t\t\t\t\t\t<\/div>\n\t\t<\/section>\n\t\t\t\t\t<\/div>\n\t\t<\/div>\n\t\t\t\t\t\t\t<\/div>\n\t\t<\/section>\n\t\t\t\t\t\t\t<\/div>\n\t\t","protected":false},"excerpt":{"rendered":"<p>Faaliyet Alanlar\u0131m\u0131z Ceza Hukuku Su\u00e7 ve Ceza kavramlar\u0131n\u0131 inceleyen kamu hukuku b\u00f6l\u00fcm\u00fcd\u00fcr. Daha Fazla Tazminat Hukuku \u0130nsan haklar\u0131nda meydana gelen zararlar\u0131 gidermek amac\u0131yla adaleti temin eden hukukun bir par\u00e7as\u0131d\u0131r. Daha Fazla Vergi ve \u0130dare Hukuku Vergi hukuku, devletin mali faaliyetlerini hukuki a\u00e7\u0131dan inceleyen bir kamu hukuku dal\u0131d\u0131r. Daha Fazla Gayrimenkul Hukuku Gayrimenkul hukuku, m\u00fclkiyet hakk\u0131na&#8230;<\/p>\n","protected":false},"author":1,"featured_media":0,"parent":0,"menu_order":0,"comment_status":"closed","ping_status":"closed","template":"elementor_header_footer","meta":{"_monsterinsights_skip_tracking":false,"_monsterinsights_sitenote_active":false,"_monsterinsights_sitenote_note":"","_monsterinsights_sitenote_category":0,"footnotes":""},"aioseo_notices":[],"_links":{"self":[{"href":"https:\/\/avukatmervedursun.com\/index.php\/wp-json\/wp\/v2\/pages\/1553"}],"collection":[{"href":"https:\/\/avukatmervedursun.com\/index.php\/wp-json\/wp\/v2\/pages"}],"about":[{"href":"https:\/\/avukatmervedursun.com\/index.php\/wp-json\/wp\/v2\/types\/page"}],"author":[{"embeddable":true,"href":"https:\/\/avukatmervedursun.com\/index.php\/wp-json\/wp\/v2\/users\/1"}],"replies":[{"embeddable":true,"href":"https:\/\/avukatmervedursun.com\/index.php\/wp-json\/wp\/v2\/comments?post=1553"}],"version-history":[{"count":14,"href":"https:\/\/avukatmervedursun.com\/index.php\/wp-json\/wp\/v2\/pages\/1553\/revisions"}],"predecessor-version":[{"id":3541,"href":"https:\/\/avukatmervedursun.com\/index.php\/wp-json\/wp\/v2\/pages\/1553\/revisions\/3541"}],"wp:attachment":[{"href":"https:\/\/avukatmervedursun.com\/index.php\/wp-json\/wp\/v2\/media?parent=1553"}],"curies":[{"name":"wp","href":"https:\/\/api.w.org\/{rel}","templated":true}]}}